-3
Let o(k) = -6*k - 6. Let a(n) = -1. Let p(h) = -6*a(h) + o(h). Calculate p(-1).
6
Let o(d) = d - 4. Let x be 1/(29/15 + -2). Let f be (10/x)/((-1)/6). Suppose h - 12 = -2*h, f*c + 4 = -3*h. Calculate o(c).
-8
Let v(c) = 0*c + 0 + 3*c + 0*c + 5. Determine v(-4).
-7
Let l(i) = 6*i**2 + 6 - 5*i - 3*i**2 + 5*i**2. Let k(a) be the first derivative of a**3/3 - a**2/2 + a + 2. Let g(o) = 6*k(o) - l(o). Calculate g(-2).
-6
Suppose -2*l + 10 = -0*l. Suppose -5*t + 6 = k, -4*k - 6 = l*t - 0. Let h(b) = 0*b**t - b + 7 - b**2 - 3. Determine h(-4).
-8
Let p(d) = d**3 - d**2 - d + 4. Let q be p(0). Let b(a) be the third derivative of 0*a - 5/24*a**4 + 1/60*a**5 + 3*a**2 + a**3 + 0. Determine b(q).
2
Let k(f) = -f**2 + 4*f - 4. Suppose d - 19 = -5*p + 4, -2*d = -5*p + 14. Determine k(p).
-4
Let o(z) = 22*z - 47*z + 24*z - 1. Suppose 1 = -p + 4. Determine o(p).
-4
Let k(g) = -g + 3 + 3*g - g + 1. What is k(-5)?
-1
Let v(d) = d - 4. Let f(u) = -u + 5. Let x(s) = 4*f(s) + 5*v(s). Let c be x(0). Let t(w) = -w**2 + w. Give t(c).
0
Let g(l) = 2*l**2 + 7*l + 4. Let t(c) = -13*c - 9 + 2 - 3*c**2 + 0. Let d(q) = 5*g(q) + 3*t(q). Calculate d(4).
-1
Let y(b) = 2*b - 1 + 2*b - 4*b - 6*b. Calculate y(1).
-7
Let w(u) = -8*u**2 - 4*u - 3*u**2 + 2 + 9*u**2. What is w(-4)?
-14
Let l(o) = -o**2 + o - 1. Let z(a) = -5*a**2 + 10*a - 2. Let w(j) = 6*l(j) - z(j). Let n be w(-4). Let i(f) = 0 - 5*f + 4*f - 2. Determine i(n).
2
Let l(d) = -d**3 + 4*d**2 - 4*d + 2. Suppose -5*s - 5 + 20 = 0. Determine l(s).
-1
Let o = -3 - -1. Let x(l) be the second derivative of 0 + 1/3*l**3 + 3/2*l**2 - 4*l. What is x(o)?
-1
Let g(c) = c**3 + c**2 - 5*c - 3. Suppose -104 = -2*t - 110. Calculate g(t).
-6
Let d(i) be the second derivative of -7*i**3/6 - 3*i**2/2 + 2*i. Let h(z) = -z + 0*z + 2*z. Let f(t) = -d(t) - 5*h(t). Determine f(-3).
-3
Let x(g) = 3*g**3 + 2*g - 1. Let y be x(1). Let o(c) = 6*c**2 + y + 0 - 3 + c. Let z = 5 - 6. Calculate o(z).
6
Let r(c) = -c**3 + 4*c**2 - 2*c. Let n(j) = -j**2 + 5*j - 2. Let p be n(3). Determine r(p).
-8
Let y(h) = -3*h**3 - h**2 + h + 1. Let l be y(-1). Let o(a) = 7*a - 3 - 4*a**2 - 1 + a**3 - 2*a**l. Calculate o(4).
-8
Let l(a) be the third derivative of a**7/1260 + a**5/60 + a**2. Let t(r) be the third derivative of l(r). Let y be t(1). Let c(o) = -2*o + 6. Give c(y).
-2
Suppose -5*m = -m + 4. Let g be 1*(6 - (0 - m)). Let k(u) = u**2 - 8*u + 3. Let s(o) = -2*o**2 + 17*o - 6. Let z(d) = 7*k(d) + 3*s(d). Give z(g).
3
Let l(d) = -d + 0*d - 2 + 1 + 4*d. Suppose -6 + 0 = 3*g. Let x = -3 - g. Determine l(x).
-4
Let j be 2/(-6) - (-20)/6. Let u be ((-9)/6)/(2/(-4)). Let y(s) = s - 3*s**2 + s**j + 3*s - u*s. Determine y(2).
-2
Let k(m) = -7*m**2 + 14*m - 13. Let c(v) = -6*v**2 + 13*v - 12. Let z(d) = -6*c(d) + 5*k(d). Suppose 3*x + 36 = 4*w, 18 = 5*w + 41*x - 38*x. What is z(w)?
-5
Let g(y) be the first derivative of -y**4/4 - 2*y**3/3 + y**2/2 - y + 19. Suppose -4 - 4 = 4*n. Calculate g(n).
-3
Let m(c) be the second derivative of c**7/2520 - c**6/360 + c**5/60 + c**4/4 - 5*c. Let w(h) be the third derivative of m(h). What is w(2)?
2
Suppose -5*x - 20 = 2*b, -3*b - 3*x - 12 = -2*b. Suppose b = 3*j - 2*f - 6 - 13, -34 = -3*j + 5*f. Let l(r) = -r + 6. Determine l(j).
3
Let b be (-5)/30 - (-23)/(-6). Let h(a) = -a**3 + 6*a**2 + a + 1. Let w(z) = -3*z**3 + 13*z**2 + 2*z + 1. Let d(v) = -5*h(v) + 2*w(v). Calculate d(b).
1
Let f(t) = -t + 7. Let k be f(11). Let r(w) = 12 - 6 - 4 + w. Determine r(k).
-2
Let c(o) = -o**3 - 5*o**2 - o - 2. Let x = 71 + -76. Calculate c(x).
3
Let b(o) = 2*o**2 + 2*o**2 - 5*o**2 + 2. Suppose 5*t + 3 = -0*u + 2*u, -3*t = -4*u - 1. Let m = -1 - u. Give b(m).
2
Suppose 5*x + 95 = -30. Let m = 26 + x. Let h(p) = -15*p**2 + p. Calculate h(m).
-14
Let b(h) = h**3 + 4*h**2 - 6*h - 7. Suppose -4*x = x + 30. Let d be 4/x + 2/3. Let n be -5 - (d + 2 - 2). Give b(n).
-2
Let z(b) = -11*b + 54 + 9*b - 58. Determine z(-4).
4
Let n(g) = 3*g**2 - 1. Let r be n(1). Let y(b) = -16 + 5 - r*b + 5*b - 2*b. Determine y(5).
-6
Let q(d) = 4 - d + d + d. Let u(b) = -2*b - 7. Let r(m) = 10*q(m) + 6*u(m). What is r(-5)?
8
Let v(j) be the third derivative of j**5/60 - j**4/4 + 5*j**3/6 + 7*j**2. Determine v(4).
-3
Let n be ((-9)/(-3))/(3/2). Let c(b) = 2*b**2 - 2*b**2 + 2*b**2 + n*b. What is c(-2)?
4
Let r(s) = s + 1. Let w(z) = -10*z - 5. Let k(a) = -6*r(a) - w(a). Suppose 0 = p + 4*p - 5. What is k(p)?
3
Let x(z) = -4*z**3 + z**2. Let i(j) = -4*j**3 + j**2. Let o(a) = 2*i(a) - 3*x(a). Give o(-1).
-5
Let s(j) = -j**2 - 5*j - 6. Let w(h) = -2*h + 9. Let t be w(7). Give s(t).
-6
Let q(i) = -i**3 - 5*i**2 - 2*i + 4. Let a = 8 - 12. Determine q(a).
-4
Let n(w) be the second derivative of w**5/20 + w**4/12 + w**3/6 - 5*w. Determine n(-2).
-6
Let c(u) = -2*u + 2. Let r be c(1). Let b(t) = t + 8. Determine b(r).
8
Let c(q) = -14*q**3 + q**2 + 2*q + 1. Suppose 4*v + 2*z + 8 = 0, -3*v + z - 6 = 6*z. Let b be 2 - ((-4)/v + 1). Determine c(b).
14
Suppose 0 = 4*h + b - 22, 2*h = 5*h - 5*b - 5. Suppose 0 = -h*v + 27 - 7. Let c(d) = d + 2 + v*d - 3. Give c(-1).
-6
Let t(j) = j**3 - 4*j**2 - 2*j + 6. Let w be -8 + (-3)/(6/(-4)). Let a(i) = -i + 1. Let v be a(w). Suppose 3*l - v = 5. Give t(l).
-2
Let w(y) = -2*y - 19. Let c be w(-8). Let v(b) = 2*b - 3. Calculate v(c).
-9
Let f(r) be the first derivative of -r**6/360 + r**5/30 - r**4/4 - 3*r**3 - 3. Let a(p) be the third derivative of f(p). Give a(4).
-6
Suppose -33*r + 32*r - 4*v = -25, -4*r + 4*v = 0. Let w(q) = 3*q**2 - 2*q**2 - 2*q + 3 - 5*q. Calculate w(r).
-7
Let f = 43 + -26. Suppose f = 3*l + 11. Let z(n) = n + 2. Give z(l).
4
Let g(o) = -o**3 - 9*o**2 + 5. Suppose 0 = -5*p - 11 - 34. Let j be g(p). Let v(w) = -w + 7. What is v(j)?
2
Suppose -2*m = -3*m. Suppose 0 = -m*d - 5*d - 25. Let s(k) = -k + 4. Determine s(d).
9
Let j(q) = -q + 1. Let f be 2/(-2 + (-21)/(-9)). Suppose -f = -0*i + 2*i. Let m(k) = k**2 - 3*k + 1. Let u(c) = i*j(c) + m(c). Calculate u(0).
-2
Let h(k) = -9*k**3 + 9*k**2 - 2*k + 2. Let u = 7 - 12. Let i(p) = 5*p**3 - 5*p**2 + p - 1. Let q(l) = u*i(l) - 3*h(l). What is q(2)?
9
Let m(g) = g**3 - 6*g**2 + 4*g + 1. Let r be m(5). Let q(f) = -f**3 - 3*f**2 + 2*f + 6. Determine q(r).
14
Let k = 3 + -3. Let h(b) = -4*b - 7 + 4 + b**2 + k*b. Suppose -4*t = -t + 2*l - 15, -5*t = -5*l - 25. Give h(t).
2
Let v(n) = -19*n + 0 + 1 - n**2 + 10*n + 5*n. Determine v(-4).
1
Let r = 2 - -4. Suppose 4*a + 2 = r. Let l(n) = -3*n**2 - 5 + 0*n**2 + 4. Determine l(a).
-4
Let f(v) = -3*v**3 + 2*v**2 - 4*v - 1. Let i(y) = 4*y**3 - 2*y**2 + 5*y + 1. Let m(t) = 5*f(t) + 4*i(t). Calculate m(-2).
-1
Let t(q) = -q**3 - 6*q**2 - 5*q - 6. Suppose 5*n - 16 = -76. Let f be n/4 - (-2)/(-1). Determine t(f).
-6
Let v(i) = 4*i**2 + 2*i + 1. Let a be -1*(52/2 + 1). Let o be -3*6/a*3. Suppose 2*d + 2*s = -8, -o*s - 11 = 2*d + 3*d. Determine v(d).
3
Let p(d) = 1 + 3*d - 2*d + 4*d. Let z be 8/6 + 12/(-36). Determine p(z).
6
Let g = -66 - -62. Let y(i) = -2*i - 2. What is y(g)?
6
Let i(b) = -3*b + 3. Let y(d) = -d. Let t(w) = -i(w) - 2*y(w). Calculate t(2).
7
Suppose 12*s - 8*s - 24 = 0. Let c(z) be the second derivative of -z**3/6 + 3*z**2 + 2*z. Give c(s).
0
Let j(v) = v**2 + v - 6. Suppose 0 = -2*u - 2*a - 4, -a - 1 = -u + 1. What is j(u)?
-6
Let h be (-4)/(-12) - 14/6. Let g be -14*(-1)/h + 2. Let f(w) = -4*w - 7. Calculate f(g).
13
Let l(v) = -v**2 + v + 5. Suppose -5*p + 30 = -0*p. Suppose u + u = p. Suppose 2*z = -u*z. Give l(z).
5
Let m(t) be the third derivative of -t**4/24 - 3*t**3/2 + 4*t**2. Determine m(-9).
0
Let d be (-14)/(-3) - (-7)/21. Let o(t) be the first derivative of -4/3*t**3 + 4*t - 7/2*t**2 + 1/4*t**4 + 1. Give o(d).
-6
Let l be 32/(-6) - (-3)/9. Let c(y) = 2*y**2 + 15*y - 11. Let q(v) = -v**2 - 7*v + 5. Let j(u) = 2*c(u) + 5*q(u). Give j(l).
3
Let i(c) = 0 + 2 - 5 - 4*c. Let j be 100/(-45) - (-4)/18. Give i(j).
5
Suppose -23 = 3*m - 14. Let k(g) = -2*g - 2. What is k(m)?
4
Let f(u) = -u - 2. Let g be f(3). Let w be ((-2 - g) + -13)/(-2). Let j(p) = -5*p - p**3 - 4*p**2 - p + 3 + 2*p**3. Calculate j(w).
-2
Let l(i) be the second derivative of i**4/12 + 5*i**3/3 + 5*i**2/2 + 26*i. Give l(-9).
-4
Suppose -3 - 1 = 4*x. Suppose 2 = 3*o - 4. Let c(m) = o*m + m - 5*m - 1. Calculate c(x).
1
Suppose -m + 5 = -6*m. Let v be 